of 79571?
7
What is the hundred thousands digit of 2445940?
4
What is the units digit of 1244948?
8
What is the tens digit of 99777?
7
What is the units digit of 2151373?
3
What is the units digit of 48786?
6
What is the hundreds digit of 752722?
7
What is the millions digit of 3315580?
3
What is the hundred thousands digit of 232452?
2
What is the hundred thousands digit of 558836?
5
What is the tens digit of 12874408?
0
What is the hundreds digit of 224131?
1
What is the units digit of 5269445?
5
What is the units digit of 193912?
2
What is the tens digit of 6822571?
7
What is the hundreds digit of 4648394?
3
What is the thousands digit of 868990?
8
What is the hundreds digit of 4007998?
9
What is the units digit of 8471110?
0
What is the ten millions digit of 10637291?
1
What is the hundreds digit of 6011170?
1
What is the hundred thousands digit of 167543?
1
What is the units digit of 5341770?
0
What is the units digit of 31139380?
0
What is the ten thousands digit of 980318?
8
What is the units digit of 10217979?
9
What is the thousands digit of 536659?
6
What is the units digit of 4831489?
9
What is the ten thousands digit of 7267450?
6
What is the hundreds digit of 142827?
8
What is the thousands digit of 249877?
9
What is the hundreds digit of 220812?
8
What is the hundreds digit of 1561895?
8
What is the hundreds digit of 71053?
0
What is the ten thousands digit of 440560?
4
What is the hundreds digit of 1387657?
6
What is the hundred thousands digit of 772462?
7
What is the hundred thousands digit of 151766?
1
What is the units digit of 3477375?
5
What is the millions digit of 2500842?
2
What is the tens digit of 2521332?
3
What is the tens digit of 393421?
2
What is the millions digit of 3864033?
3
What is the units digit of 4786653?
3
What is the thousands digit of 3963050?
3
What is the units digit of 1817935?
5
What is the tens digit of 177778?
7
What is the tens digit of 2952266?
6
What is the tens digit of 4016507?
0
What is the thousands digit of 217129?
7
What is the thousands digit of 1192266?
2
What is the hundreds digit of 1400277?
2
What is the ten thousands digit of 1773178?
7
What is the tens digit of 49101?
0
What is the thousands digit of 334819?
4
What is the units digit of 6246653?
3
What is the tens digit of 230650?
5
What is the units digit of 1097176?
6
What is the thousands digit of 3249618?
9
What is the ten thousands digit of 20166318?
6
What is the units digit of 2225852?
2
What is the ten thousands digit of 740407?
4
What is the hundreds digit of 166142?
1
What is the hundred thousands digit of 148526?
1
What is the units digit of 6003904?
4
What is the millions digit of 2153961?
2
What is the tens digit of 10510882?
8
What is the ten thousands digit of 134103?
3
What is the hundred thousands digit of 193716?
1
What is the ten thousands digit of 82537?
8
What is the hundred thousands digit of 8961891?
9
What is the thousands digit of 4806551?
6
What is the hundred thousands digit of 780078?
7
What is the millions digit of 16893406?
6
What is the hundreds digit of 3365452?
4
What is the hundred thousands digit of 290535?
2
What is the hundred thousands digit of 7021409?
0
What is the thousands digit of 806177?
6
What is the units digit of 7559840?
0
What is the units digit of 1156684?
4
What is the units digit of 669635?
5
What is the tens digit of 12199681?
8
What is the ten thousands digit of 1079510?
7
What is the units digit of 196734?
4
What is the ten thousands digit of 299145?
9
What is the hundred thousands digit of 845415?
8
What is the thousands digit of 443728?
3
What is the units digit of 2123383?
3
What is the millions digit of 3213904?
3
What is the thousands digit of 378875?
8
What is the ten thousands digit of 2741471?
4
What is the tens digit of 138048?
4
What is the millions digit of 2955516?
2
What is the hundreds digit of 278628?
6
What is the hundreds digit of 278615?
6
What is the thousands digit of 632211?
2
What is the units digit of 1667403?
3
What is the ten thousands digit of 9372404?
7
What is the thousands digit of 2535305?
5
What is the ten thousands digit of 331942?
3
What is the units digit of 1241036?
6
What is the tens digit of 260360?
6
What is the units digit of 27596812?
2
What is the hundred thousands digit of 1762406?
7
What is the hundreds digit of 2108749?
7
What is the units digit of 170633?
3
What is the hundreds digit of 143836?
8
What is the ten thousands digit of 7709888?
0
What is the millions digit of 12558189?
2
What is the millions digit of 2093146?
2
What is the units digit of 735658?
8
What is the hundreds digit of 1933601?
6
What is the tens digit of 2777533?
3
What is the thousands digit of 474046?
4
What is the ten thousands digit of 2198173?
9
What is the hundred thousands digit of 1001573?
0
What is the tens digit of 889889?
8
What is the tens digit of 595883?
8
What is the millions digit of 39928427?
9
What is the ten thousands digit of 2612454?
1
What is the hundreds digit of 8635431?
4
What is the units digit of 13544584?
4
What is the hundred thousands digit of 16087019?
0
What is the units digit of 356198?
8
What is the tens digit of 7740?
4
What is the ten thousands digit of 446070?
4
What is the tens digit of 120020?
2
What is the hundred thousands digit of 1957814?
9
What is the hundreds digit of 750658?
6
What is the units digit of 82692?
2
What is the units digit of 165974?
4
What is the hundreds digit of 1290258?
2
What is the hundreds digit of 12056395?
3
What is the hundred thousands digit of 1799867?
7
What is the hundred thousands digit of 503330?
5
What is the hundreds digit of 2127497?
4
What is the units digit of 1346?
6
What is the ten millions digit of 27384929?
2
What is the thousands digit of 1244873?
4
What is the units digit of 851111?
1
What is the units digit of 27670703?
3
What is the hundreds digit of 13519309?
3
What is the units digit of 278003?
3
What is the ten thousands digit of 5856863?
5
What is the millions digit of 3449986?
3
What is the hundred thousands digit of 1003416?
0
What is the units digit of 144212?
2
What is the thousands digit of 12972973?
2
What is the units digit of 3616760?
0
What is the hundred thousands digit of 5238124?
2
What is the thousands digit of 658505?
8
What is the ten thousands digit of 1685145?
8
What is the hundreds digit of 108346?
3
What is the hundreds digit of 445149?
1
What is the tens digit of 13937261?
6
What is the hundred thousands digit of 3427371?
4
What is the hundred thousands digit of 702897?
7
What is the tens digit of 135620?
2
What is the hundred thousands digit of 207600?
2
What is the thousands digit of 818836?
8
What is the tens digit of 442795?
9
What is the tens digit of 2018586?
8
What is the thousands digit of 666754?
6
What is the hundred thousands digit of 11881731?
8
What is the hundred thousands digit of 7182237?
1
What is the units digit of 665687?
7
What is the millions digit of 3931423?
3
What is the tens digit of 1173796?
9
What is the thousands digit of 141714?
1
What is the thousands digit of 238798?
8
What is the hundred thousands digit of 119681?
1
What is the thousands digit of 23538591?
8
What is the thousands digit of 43714?
3
What is the tens digit of 30687?
8
What is the units digit of 402845?
5
What is the ten thousands digit of 5004775?
0
What is the thousands digit of 26368323?
8
What is the thousands digit of 236870?
6
What is the tens digit of 59669?
6
What is the thousands digit of 742994?
2
What is the hundred thousands digit of 480098?
4
What is the thousands digit of 453594?
3
What is the units digit of 27641037?
7
What is the tens digit of 344778?
7
What is the hundred thousands digit of 562286?
5
What is the hundred thousands digit of 1272715?
2
What is the thousands digit of 3500892?
0
What is the ten thousands digit of 2236374?
3
What is the ten thousands digit of 15724516?
2
What is the ten thousands digit of 323479?
2
What is the hundreds digit of 19643255?
2
What is the hundreds digit of 1361920?
9
What is the millions digit of 6390391?
6
What is the hundreds digit of 1137185?
1
What is the ten thousands digit of 276745?
7
What is the tens digit of 77126?
2
What is the hundreds digit of 164978?
9
What is the ten thousands digi